{"id":5,"date":"2012-10-30T20:45:54","date_gmt":"2012-10-30T19:45:54","guid":{"rendered":"http:\/\/adventista.hu\/ujfeherto\/?page_id=5"},"modified":"2021-09-12T11:25:40","modified_gmt":"2021-09-12T09:25:40","slug":"5-2","status":"publish","type":"page","link":"https:\/\/ujfeherto.adventista.hu\/","title":{"rendered":"Hetednapi Adventista Egyh\u00e1z \u00dajfeh\u00e9rt\u00f3i Gy\u00fclekezete"},"content":{"rendered":"<p><font size=\"3\"><\/p>\n<h1 style=\"text-align: center;\">\u00a0<strong>K\u00f6sz\u00f6ntj\u00fck a Hetednapi Adventista Egyh\u00e1z \u00dajfeh\u00e9rt\u00f3i Gy\u00fclekezet\u00e9nek oldal\u00e1n!<\/strong><\/h1>\n<p>&nbsp;<\/p>\n<p style=\"text-align: justify;\">Nagy \u00f6r\u00f6m\u00fcnkre szolg\u00e1l, hogy felkereste oldalunkat. \u00dajfeh\u00e9rt\u00f3n hivatalosan 1935 \u00f3ta l\u00e9tezik gy\u00fclekezeti k\u00f6z\u00f6ss\u00e9g\u00fcnk, \u00edgy m\u00e1r t\u00f6bb mint nyolcvan \u00e9ve munk\u00e1lkodunk az\u00e9rt, hogy min\u00e9l t\u00f6bb ember megismerhesse a Biblia \u00fczeneteit. C\u00e9ljaink k\u00f6z\u00f6tt szerepel, hogy bemutassuk azokat a Szent\u00edr\u00e1sban lefektetett \u00f6r\u00f6k\u00e9rv\u00e9ny\u0171 igazs\u00e1gokat, amelyek hozz\u00e1j\u00e1rulnak testi, lelki \u00e9s szellemi eg\u00e9szs\u00e9g\u00fcnkh\u00f6z.<\/p>\n<p style=\"text-align: justify;\">Rem\u00e9ny\u00fcnk e honlap kapcs\u00e1n az, hogy bepillant\u00e1st nyerjen a Hetednapi Adventista Egyh\u00e1z \u00dajfeh\u00e9rt\u00f3i Gy\u00fclekezet\u00e9nek \u00e9let\u00e9be, \u00e9s hogy \u00edr\u00e1saink seg\u00edts\u00e9g\u00e9vel megismerje Isten \u00fczenet\u00e9t. Oldalainkat b\u00f6ng\u00e9szve olvashat gy\u00fclekezet\u00fcnk aktualit\u00e1sair\u00f3l, hitelveinkr\u0151l \u00e9s olyan r\u00e9g\u00e9szeti felfedez\u00e9sekr\u0151l, melyek al\u00e1t\u00e1masztj\u00e1k a Biblia hiteless\u00e9g\u00e9t. B\u00edzunk abban, hogy mindezek felkeltik \u00e9rdekl\u0151d\u00e9s\u00e9t, valamint seg\u00edts\u00e9g\u00e9re lesznek abban, hogy megismerje, \u00e9s szem\u00e9lyes kapcsolata legyen J\u00e9zus Krisztussal, aki fel\u00e1ldozta mag\u00e1t az\u00e9rt, hogy \u201eaki hisz \u0150 benne el ne vesszen, hanem \u00f6r\u00f6k \u00e9lete legyen\u201d (J\u00e1nos 3:16).<\/p>\n<p>&nbsp;<\/p>\n<p style=\"text-align: center;\"><a href=\"http:\/\/ujfeherto.adventista.hu\/wp-content\/uploads\/2013\/10\/DSCF3480mod1.jpg\"><img loading=\"lazy\" decoding=\"async\" class=\"wp-image-216\" title=\"Az imah\u00e1z \u00e9p\u00fclete\" src=\"http:\/\/ujfeherto.adventista.hu\/wp-content\/uploads\/2013\/10\/Resize-of-DSCF3480.jpg\" alt=\"\" width=\"660\" height=\"495\"><\/a><\/p>\n<p><\/font><\/p>\n","protected":false},"excerpt":{"rendered":"<p>\u00a0K\u00f6sz\u00f6ntj\u00fck a Hetednapi Adventista Egyh\u00e1z \u00dajfeh\u00e9rt\u00f3i Gy\u00fclekezet\u00e9nek oldal\u00e1n! &nbsp; Nagy \u00f6r\u00f6m\u00fcnkre szolg\u00e1l, hogy felkereste oldalunkat. \u00dajfeh\u00e9rt\u00f3n hivatalosan 1935 \u00f3ta l\u00e9tezik gy\u00fclekezeti k\u00f6z\u00f6ss\u00e9g\u00fcnk, \u00edgy m\u00e1r t\u00f6bb mint nyolcvan \u00e9ve munk\u00e1lkodunk az\u00e9rt, hogy min\u00e9l t\u00f6bb ember megismerhesse a Biblia \u00fczeneteit. C\u00e9ljaink k\u00f6z\u00f6tt szerepel, hogy bemutassuk azokat a Szent\u00edr\u00e1sban lefektetett \u00f6r\u00f6k\u00e9rv\u00e9ny\u0171 igazs\u00e1gokat, amelyek hozz\u00e1j\u00e1rulnak testi, lelki \u00e9s szellemi &hellip; <\/p>\n<p><a class=\"more-link btn\" href=\"https:\/\/ujfeherto.adventista.hu\/\">Olvass tov\u00e1bb<\/a><\/p>\n","protected":false},"author":4,"featured_media":0,"parent":0,"menu_order":0,"comment_status":"closed","ping_status":"closed","template":"","meta":{"footnotes":""},"class_list":["post-5","page","type-page","status-publish","hentry","nodate","item-wrap"],"aioseo_notices":[],"_links":{"self":[{"href":"https:\/\/ujfeherto.adventista.hu\/index.php?rest_route=\/wp\/v2\/pages\/5","targetHints":{"allow":["GET"]}}],"collection":[{"href":"https:\/\/ujfeherto.adventista.hu\/index.php?rest_route=\/wp\/v2\/pages"}],"about":[{"href":"https:\/\/ujfeherto.adventista.hu\/index.php?rest_route=\/wp\/v2\/types\/page"}],"author":[{"embeddable":true,"href":"https:\/\/ujfeherto.adventista.hu\/index.php?rest_route=\/wp\/v2\/users\/4"}],"replies":[{"embeddable":true,"href":"https:\/\/ujfeherto.adventista.hu\/index.php?rest_route=%2Fwp%2Fv2%2Fcomments&post=5"}],"version-history":[{"count":58,"href":"https:\/\/ujfeherto.adventista.hu\/index.php?rest_route=\/wp\/v2\/pages\/5\/revisions"}],"predecessor-version":[{"id":2642,"href":"https:\/\/ujfeherto.adventista.hu\/index.php?rest_route=\/wp\/v2\/pages\/5\/revisions\/2642"}],"wp:attachment":[{"href":"https:\/\/ujfeherto.adventista.hu\/index.php?rest_route=%2Fwp%2Fv2%2Fmedia&parent=5"}],"curies":[{"name":"wp","href":"https:\/\/api.w.org\/{rel}","templated":true}]}}