{"id":13,"date":"2012-10-30T20:47:04","date_gmt":"2012-10-30T19:47:04","guid":{"rendered":"http:\/\/adventista.hu\/ujfeherto\/?page_id=13"},"modified":"2021-01-15T19:43:41","modified_gmt":"2021-01-15T18:43:41","slug":"kapcsolat","status":"publish","type":"page","link":"https:\/\/ujfeherto.adventista.hu\/?page_id=13","title":{"rendered":"Kapcsolat"},"content":{"rendered":"<p style=\"text-align: center;\"><strong>KAPCSOLAT<\/strong><\/p>\n<p style=\"text-align: center;\"><strong>Hetednapi Adventista Egyh\u00e1z \u00dajfeh\u00e9rt\u00f3i Gy\u00fclekezete<\/strong><br \/>\nA gy\u00fclekezet c\u00edme: 4244 \u00dajfeh\u00e9rt\u00f3, Kossuth Lajos u. 66.<br \/>\n<strong>GPS: <\/strong>N47.79966, E21.67586<\/p>\n<p style=\"text-align: center;\"><a href=\"http:\/\/ujfeherto.adventista.hu\/wp-content\/uploads\/2013\/10\/DSCF3480mod1.jpg\"><img loading=\"lazy\" decoding=\"async\" class=\"alignnone  wp-image-73\" title=\"Az imah\u00e1z \u00e9p\u00fclete 1\" src=\"http:\/\/ujfeherto.adventista.hu\/wp-content\/uploads\/2013\/10\/DSCF3480mod2.jpg\" alt=\"\" width=\"266\" height=\"212\" \/><\/a><a href=\"http:\/\/ujfeherto.adventista.hu\/wp-content\/uploads\/2013\/09\/DSCF3354mod.jpg\"><img loading=\"lazy\" decoding=\"async\" class=\"alignnone  wp-image-72\" title=\"Az imah\u00e1z \u00e9p\u00fclete 2\" src=\"http:\/\/ujfeherto.adventista.hu\/wp-content\/uploads\/2013\/09\/DSCF3354mod2.jpg\" alt=\"\" width=\"254\" height=\"212\" \/><\/a><\/p>\n<p style=\"text-align: center;\"><strong>\u00d6sszej\u00f6vetelek id\u0151pontjai:<\/strong><\/p>\n<p style=\"text-align: center;\">Szombatonk\u00e9nt:<\/p>\n<p style=\"text-align: center;\">9:30 &#8211; Szombatiskola &#8211; Biblia tanulm\u00e1ny<br \/>\n11:00 &#8211; D\u00e9lel\u0151tti Istentisztelet<br \/>\n14:00 &#8211; D\u00e9lut\u00e1ni Istentisztelet*<\/p>\n<p style=\"text-align: center;\">*A d\u00e9lut\u00e1ni istentisztelet kezd\u00e9si ideje id\u0151nk\u00e9nt v\u00e1ltozhat, ez\u00e9rt javasoljuk, hogy miel\u0151tt felkeresn\u00e9 ezt az alkalmat,<br \/>\nel\u0151tte \u00e9rdekl\u0151dj\u00f6n el\u00e9rhet\u0151s\u00e9geink valamelyik\u00e9n.<\/p>\n<p><\/p>\n<table style=\"background-color: #fef3dd;\" width=\"100%\" border=\"0\">\n<tbody>\n<tr style=\"background-color: #fef3dd;\">\n<td style=\"background-color: #fef3dd; text-align: center;\"><a href=\"http:\/\/ujfeherto.adventista.hu\/wp-content\/uploads\/2021\/01\/kovacsnebokorsarolta.png\"><img loading=\"lazy\" decoding=\"async\" class=\"wp-image-74 aligncenter\" title=\"Kov\u00e1csn\u00e9 Bokor Sarolta\" src=\"http:\/\/ujfeherto.adventista.hu\/wp-content\/uploads\/2021\/01\/kovacsnebokorsarolta.png\" alt=\"\" width=\"210\" height=\"299\" \/><\/a><strong>A gy\u00fclekezet lelk\u00e9sze:<\/strong><br \/>\nKov\u00e1csn\u00e9 Bokor Sarolta<br \/>\nTelefonsz\u00e1m: +36 30 664 3184<br \/>\nE-mail: <a href=\"mailto:kovacsnebokorsarolta@adventista.hu\">kovacsnebokorsarolta(kukac)adventista.hu<\/a><\/td>\n<\/tr>\n<\/tbody>\n<\/table>\n<p><\/p>\n<p style=\"text-align: center;\"><strong>A gy\u00fclekezet presbiterei:<\/strong><\/p>\n<p><\/p>\n<table style=\"background-color: #fef3dd;\" width=\"100%\" border=\"0\">\n<tbody>\n<tr style=\"background-color: #fef3dd;\">\n<td style=\"background-color: #fef3dd; text-align: center;\" width=\"50%\">\nT\u00f3gyer J\u00f3zsef<br \/>\nTelefonsz\u00e1m: +36 30 565 9940<br \/>\nE-mail: <a href=\"mailto:togyer.jozsef@freemail.hu\">togyer.jozsef(kukac)freemail.hu<\/a><\/td>\n<td style=\"background-color: #fef3dd; text-align: center;\" width=\"50%\">\nSo\u00f3s Zolt\u00e1n<br \/>\nTelefonsz\u00e1m: +36 30 196 2959<br \/>\nE-mail: <a href=\"mailto:sooszoltan@yahoo.com\">sooszoltan(kukac)yahoo.com<\/a><\/td>\n<\/tr>\n<\/tbody>\n<\/table>\n<p style=\"text-align: center;\">Ha k\u00e9rd\u00e9se van vagy seg\u00edts\u00e9gre lenne sz\u00fcks\u00e9ge, h\u00edvjon benn\u00fcnket, vagy \u00edrjon e-mailt a fenti c\u00edmre.<\/p>\n<p style=\"text-align: center;\"><iframe loading=\"lazy\" src=\"https:\/\/maps.google.com\/maps?f=q&amp;source=s_q&amp;hl=hu&amp;geocode=&amp;q=%C3%9Ajfeh%C3%A9rt%C3%B3,+Kossuth+Lajos+utca+66&amp;aq=&amp;sll=37.0625,-95.677068&amp;sspn=38.775203,79.013672&amp;ie=UTF8&amp;hq=&amp;hnear=4244+%C3%9Ajfeh%C3%A9rt%C3%B3,+Kossuth+Lajos+utca+66,+Magyarorsz%C3%A1g&amp;t=m&amp;z=14&amp;ll=47.80016,21.672459&amp;output=embed\" frameborder=\"0\" marginwidth=\"0\" marginheight=\"0\" scrolling=\"no\" width=\"425\" height=\"350\"><\/iframe><br \/>\n<small><a style=\"color: #0000ff; text-align: left;\" href=\"https:\/\/maps.google.com\/maps?f=q&amp;source=embed&amp;hl=hu&amp;geocode=&amp;q=%C3%9Ajfeh%C3%A9rt%C3%B3,+Kossuth+Lajos+utca+66&amp;aq=&amp;sll=37.0625,-95.677068&amp;sspn=38.775203,79.013672&amp;ie=UTF8&amp;hq=&amp;hnear=4244+%C3%9Ajfeh%C3%A9rt%C3%B3,+Kossuth+Lajos+utca+66,+Magyarorsz%C3%A1g&amp;t=m&amp;z=14&amp;ll=47.80016,21.672459\">Nagyobb t\u00e9rk\u00e9pre v\u00e1lt\u00e1s<\/a><\/small><\/p>\n","protected":false},"excerpt":{"rendered":"<p>KAPCSOLAT Hetednapi Adventista Egyh\u00e1z \u00dajfeh\u00e9rt\u00f3i Gy\u00fclekezete A gy\u00fclekezet c\u00edme: 4244 \u00dajfeh\u00e9rt\u00f3, Kossuth Lajos u. 66. GPS: N47.79966, E21.67586 \u00d6sszej\u00f6vetelek id\u0151pontjai: Szombatonk\u00e9nt: 9:30 &#8211; Szombatiskola &#8211; Biblia tanulm\u00e1ny 11:00 &#8211; D\u00e9lel\u0151tti Istentisztelet 14:00 &#8211; D\u00e9lut\u00e1ni Istentisztelet* *A d\u00e9lut\u00e1ni istentisztelet kezd\u00e9si ideje id\u0151nk\u00e9nt v\u00e1ltozhat, ez\u00e9rt javasoljuk, hogy miel\u0151tt felkeresn\u00e9 ezt az alkalmat, el\u0151tte \u00e9rdekl\u0151dj\u00f6n el\u00e9rhet\u0151s\u00e9geink valamelyik\u00e9n. A &hellip; <\/p>\n<p><a class=\"more-link btn\" href=\"https:\/\/ujfeherto.adventista.hu\/?page_id=13\">Olvass tov\u00e1bb<\/a><\/p>\n","protected":false},"author":4,"featured_media":73,"parent":0,"menu_order":0,"comment_status":"closed","ping_status":"closed","template":"","meta":{"footnotes":""},"class_list":["post-13","page","type-page","status-publish","has-post-thumbnail","hentry","nodate","item-wrap"],"aioseo_notices":[],"_links":{"self":[{"href":"https:\/\/ujfeherto.adventista.hu\/index.php?rest_route=\/wp\/v2\/pages\/13","targetHints":{"allow":["GET"]}}],"collection":[{"href":"https:\/\/ujfeherto.adventista.hu\/index.php?rest_route=\/wp\/v2\/pages"}],"about":[{"href":"https:\/\/ujfeherto.adventista.hu\/index.php?rest_route=\/wp\/v2\/types\/page"}],"author":[{"embeddable":true,"href":"https:\/\/ujfeherto.adventista.hu\/index.php?rest_route=\/wp\/v2\/users\/4"}],"replies":[{"embeddable":true,"href":"https:\/\/ujfeherto.adventista.hu\/index.php?rest_route=%2Fwp%2Fv2%2Fcomments&post=13"}],"version-history":[{"count":74,"href":"https:\/\/ujfeherto.adventista.hu\/index.php?rest_route=\/wp\/v2\/pages\/13\/revisions"}],"predecessor-version":[{"id":2564,"href":"https:\/\/ujfeherto.adventista.hu\/index.php?rest_route=\/wp\/v2\/pages\/13\/revisions\/2564"}],"wp:featuredmedia":[{"embeddable":true,"href":"https:\/\/ujfeherto.adventista.hu\/index.php?rest_route=\/wp\/v2\/media\/73"}],"wp:attachment":[{"href":"https:\/\/ujfeherto.adventista.hu\/index.php?rest_route=%2Fwp%2Fv2%2Fmedia&parent=13"}],"curies":[{"name":"wp","href":"https:\/\/api.w.org\/{rel}","templated":true}]}}

<p style="text-align: center;"><strong>KAPCSOLAT</strong></p>
<p style="text-align: center;"><strong>Hetednapi Adventista Egyház Újfehértói Gyülekezete</strong><br />
A gyülekezet címe: 4244 Újfehértó, Kossuth Lajos u. 66.<br />
<strong>GPS: </strong>N47.79966, E21.67586</p>
<p style="text-align: center;"><a href="http://ujfeherto.adventista.hu/wp-content/uploads/2013/10/DSCF3480mod1.jpg"><img loading="lazy" decoding="async" class="alignnone  wp-image-73" title="Az imaház épülete 1" src="http://ujfeherto.adventista.hu/wp-content/uploads/2013/10/DSCF3480mod2.jpg" alt="" width="266" height="212" /></a><a href="http://ujfeherto.adventista.hu/wp-content/uploads/2013/09/DSCF3354mod.jpg"><img loading="lazy" decoding="async" class="alignnone  wp-image-72" title="Az imaház épülete 2" src="http://ujfeherto.adventista.hu/wp-content/uploads/2013/09/DSCF3354mod2.jpg" alt="" width="254" height="212" /></a></p>
<p style="text-align: center;"><strong>Összejövetelek időpontjai:</strong></p>
<p style="text-align: center;">Szombatonként:</p>
<p style="text-align: center;">9:30 &#8211; Szombatiskola &#8211; Biblia tanulmány<br />
11:00 &#8211; Délelőtti Istentisztelet<br />
14:00 &#8211; Délutáni Istentisztelet*</p>
<p style="text-align: center;">*A délutáni istentisztelet kezdési ideje időnként változhat, ezért javasoljuk, hogy mielőtt felkeresné ezt az alkalmat,<br />
előtte érdeklődjön elérhetőségeink valamelyikén.</p>
<p></p>
<table style="background-color: #fef3dd;" width="100%" border="0">
<tbody>
<tr style="background-color: #fef3dd;">
<td style="background-color: #fef3dd; text-align: center;"><a href="http://ujfeherto.adventista.hu/wp-content/uploads/2021/01/kovacsnebokorsarolta.png"><img loading="lazy" decoding="async" class="wp-image-74 aligncenter" title="Kovácsné Bokor Sarolta" src="http://ujfeherto.adventista.hu/wp-content/uploads/2021/01/kovacsnebokorsarolta.png" alt="" width="210" height="299" /></a><strong>A gyülekezet lelkésze:</strong><br />
Kovácsné Bokor Sarolta<br />
Telefonszám: +36 30 664 3184<br />
E-mail: <a href="mailto:kovacsnebokorsarolta@adventista.hu">kovacsnebokorsarolta(kukac)adventista.hu</a></td>
</tr>
</tbody>
</table>
<p></p>
<p style="text-align: center;"><strong>A gyülekezet presbiterei:</strong></p>
<p></p>
<table style="background-color: #fef3dd;" width="100%" border="0">
<tbody>
<tr style="background-color: #fef3dd;">
<td style="background-color: #fef3dd; text-align: center;" width="50%">
Tógyer József<br />
Telefonszám: +36 30 565 9940<br />
E-mail: <a href="mailto:togyer.jozsef@freemail.hu">togyer.jozsef(kukac)freemail.hu</a></td>
<td style="background-color: #fef3dd; text-align: center;" width="50%">
Soós Zoltán<br />
Telefonszám: +36 30 196 2959<br />
E-mail: <a href="mailto:sooszoltan@yahoo.com">sooszoltan(kukac)yahoo.com</a></td>
</tr>
</tbody>
</table>
<p style="text-align: center;">Ha kérdése van vagy segítségre lenne szüksége, hívjon bennünket, vagy írjon e-mailt a fenti címre.</p>
<p style="text-align: center;"><iframe loading="lazy" src="https://maps.google.com/maps?f=q&amp;source=s_q&amp;hl=hu&amp;geocode=&amp;q=%C3%9Ajfeh%C3%A9rt%C3%B3,+Kossuth+Lajos+utca+66&amp;aq=&amp;sll=37.0625,-95.677068&amp;sspn=38.775203,79.013672&amp;ie=UTF8&amp;hq=&amp;hnear=4244+%C3%9Ajfeh%C3%A9rt%C3%B3,+Kossuth+Lajos+utca+66,+Magyarorsz%C3%A1g&amp;t=m&amp;z=14&amp;ll=47.80016,21.672459&amp;output=embed" frameborder="0" marginwidth="0" marginheight="0" scrolling="no" width="425" height="350"></iframe><br />
<small><a style="color: #0000ff; text-align: left;" href="https://maps.google.com/maps?f=q&amp;source=embed&amp;hl=hu&amp;geocode=&amp;q=%C3%9Ajfeh%C3%A9rt%C3%B3,+Kossuth+Lajos+utca+66&amp;aq=&amp;sll=37.0625,-95.677068&amp;sspn=38.775203,79.013672&amp;ie=UTF8&amp;hq=&amp;hnear=4244+%C3%9Ajfeh%C3%A9rt%C3%B3,+Kossuth+Lajos+utca+66,+Magyarorsz%C3%A1g&amp;t=m&amp;z=14&amp;ll=47.80016,21.672459">Nagyobb térképre váltás</a></small></p>

<p>KAPCSOLAT Hetednapi Adventista Egyház Újfehértói Gyülekezete A gyülekezet címe: 4244 Újfehértó, Kossuth Lajos u. 66. GPS: N47.79966, E21.67586 Összejövetelek időpontjai: Szombatonként: 9:30 &#8211; Szombatiskola &#8211; Biblia tanulmány 11:00 &#8211; Délelőtti Istentisztelet 14:00 &#8211; Délutáni Istentisztelet* *A délutáni istentisztelet kezdési ideje időnként változhat, ezért javasoljuk, hogy mielőtt felkeresné ezt az alkalmat, előtte érdeklődjön elérhetőségeink valamelyikén. A &hellip; </p>
<p><a class="more-link btn" href="https://ujfeherto.adventista.hu/?page_id=13">Olvass tovább</a></p>
